ctor of 153872 and 5881120.
944
Calculate the highest common divisor of 620718 and 84.
42
Calculate the highest common divisor of 491280 and 154928.
368
What is the highest common factor of 13860 and 7185276?
252
Calculate the highest common divisor of 219726 and 10413.
117
What is the greatest common divisor of 2700 and 10622100?
300
What is the highest common divisor of 26221 and 8216?
13
Calculate the highest common divisor of 77152 and 3616.
32
Calculate the highest common factor of 40606112 and 32.
32
Calculate the greatest common divisor of 2169840 and 240.
240
What is the greatest common factor of 85374 and 109378?
34
What is the highest common divisor of 35048 and 6820880?
2696
Calculate the highest common factor of 320749 and 37400.
11
Calculate the greatest common factor of 1073976 and 866072.
584
What is the highest common divisor of 588844926 and 18?
18
What is the greatest common factor of 2652 and 14391078?
1326
What is the greatest common divisor of 15816 and 946728?
24
What is the highest common divisor of 2584283616 and 6098?
6098
What is the greatest common divisor of 343186 and 44225?
1769
What is the highest common factor of 5316986 and 268?
134
Calculate the highest common factor of 45441 and 1707561.
243
Calculate the highest common divisor of 1515 and 5924559.
303
Calculate the highest common factor of 161 and 25307567.
23
Calculate the highest common factor of 4464 and 92911464.
2232
What is the greatest common divisor of 9633 and 19962111?
507
What is the highest common divisor of 7830080 and 200?
40
Calculate the highest common factor of 2685550 and 742.
14
What is the highest common factor of 3932804 and 134?
2
Calculate the highest common divisor of 11832356 and 2120.
212
Calculate the highest common divisor of 358 and 296321970.
358
What is the greatest common factor of 434 and 12579490?
434
Calculate the highest common divisor of 48 and 4066932.
12
What is the highest common factor of 20629 and 10675?
7
Calculate the greatest common factor of 36822082 and 22.
22
What is the greatest common divisor of 6795 and 2672247?
453
What is the highest common divisor of 5886 and 21222954?
1962
Calculate the greatest common factor of 2224518 and 1530.
102
Calculate the greatest common divisor of 38 and 35859916.
38
What is the highest common divisor of 46459312 and 423?
47
Calculate the highest common factor of 1897984 and 48.
16
What is the greatest common divisor of 804235266 and 54?
18
What is the greatest common divisor of 75 and 361682075?
25
What is the greatest common factor of 787293 and 10881?
351
What is the greatest common factor of 2322 and 103508172?
54
Calculate the highest common divisor of 742767 and 75360.
471
Calculate the highest common factor of 4827 and 217140986.
1609
What is the highest common divisor of 3764151332 and 1444?
1444
Calculate the highest common divisor of 2060157 and 363.
33
What is the highest common factor of 3866189 and 1322?
661
What is the greatest common factor of 1687 and 355612852?
1687
Calculate the greatest common factor of 82038138 and 39.
39
What is the highest common factor of 7746 and 1934?
2
Calculate the highest common factor of 1029800 and 50350.
950
What is the greatest common divisor of 405648 and 1392?
48
What is the greatest common factor of 781 and 3568673?
71
What is the highest common factor of 1792 and 964096?
1792
Calculate the highest common divisor of 308 and 92868116.
44
What is the highest common divisor of 1603796 and 68?
4
Calculate the highest common factor of 18396 and 878052.
84
Calculate the greatest common divisor of 337729 and 18011.
7
Calculate the greatest common factor of 1263129 and 14.
7
Calculate the highest common factor of 5351916 and 24.
12
What is the highest common divisor of 166 and 147048527?
83
What is the greatest common factor of 35360 and 1070?
10
What is the greatest common factor of 309636 and 876879?
1269
What is the highest common factor of 8168 and 190136?
8
Calculate the greatest common divisor of 33002 and 123888.
58
Calculate the highest common factor of 224594039 and 39370.
3937
Calculate the highest common factor of 32620 and 629930.
70
Calculate the greatest common divisor of 9 and 1494015.
3
What is the highest common divisor of 1594535 and 205?
5
Calculate the highest common divisor of 214470411 and 309.
309
What is the greatest common factor of 33553754 and 221?
13
What is the greatest common divisor of 148403224 and 206?
206
What is the greatest common divisor of 1087005 and 5490?
15
Calculate the greatest common divisor of 866 and 93582991.
433
Calculate the greatest common divisor of 230617925 and 25.
25
Calculate the greatest common divisor of 17486184 and 83880.
5592
Calculate the greatest common divisor of 314907 and 359048.
37
Calculate the highest common divisor of 9478016 and 80.
16
What is the greatest common divisor of 7174276 and 8?
4
Calculate the greatest common factor of 756317624 and 544.
136
What is the highest common divisor of 6385480 and 72?
8
What is the greatest common factor of 22273419 and 33?
3
Calculate the highest common divisor of 268416405 and 381.
381
What is the greatest common divisor of 1975 and 58566650?
1975
What is the greatest common divisor of 9094674 and 81357?
1731
Calculate the greatest common divisor of 5769 and 2792837.
641
Calculate the greatest common factor of 9 and 686162340.
9
What is the greatest common factor of 2047869 and 73?
73
What is the highest common divisor of 1278656 and 2752?
64
Calculate the greatest common divisor of 1193199 and 833.
49
Calculate the greatest common factor of 27545247 and 9.
9
Calculate the greatest common factor of 644 and 325598.
14
What is the highest common divisor of 432 and 2423376?
144
Calculate the highest common factor of 4224 and 436032.
192
Calculate the greatest common divisor of 1760423 and 777.
259
Calculate the greatest common factor of 14 and 14137802.
14
Calculate the greatest common divisor of 7954 and 3635948.
194
What is the highest common factor of 4255 and 4536635?
115
Calculate the highest common divisor of 156855536 and 2480.
496
Calculate the highest common factor of 196 and 36310144.
4
What is the greatest common factor of 986 and 661946?
34
Calculate the highest common factor of 145785 and 12585.
15
Calculate the greatest common factor of 602 and 30963268.
602
What is the greatest common divisor of 126 and 21628467?
63
What is the highest common divisor of 1 and 1549519?
1
What is the greatest common divisor of 93441893 and 31027?
1633
What is the greatest common factor of 2443295 and 7849?
47
What is the highest common divisor of 58 and 838738?
58
What is the highest common factor of 170 and 5206012?
34
What is the greatest common divisor of 550927 and 169?
13
What is the greatest common divisor of 408 and 30766464?
408
Calculate the greatest common divisor of 37288 and 89112.
632
Calculate the highest common divisor of 287 and 27138720.
287
What is the highest common factor of 121888 and 222880?
32
What is the highest common factor of 3255 and 32738976?
93
Calculate the greatest common divisor of 6468892 and 4.
4
Calculate the greatest common divisor of 704 and 761640.
88
Calculate the greatest common divisor of 1085 and 676265.
155
What is the greatest common factor of 1359150 and 19110?
390
Calculate the highest common factor of 11327 and 7426235.
47
What is the greatest common divisor of 22 and 14600828?
22
What is the highest common factor of 143 and 1832207?
13
Calculate the greatest common divisor of 409488 and 4009152.
912
What is the highest common factor of 55519 and 36639?
59
What is the highest common divisor of 12116 and 2080?
52
Calculate the greatest common factor of 217644922 and 154.
22
What is the highest common divisor of 993600 and 276690?
690
Calculate the greatest common divisor of 186 and 47514165.
93
Calculate the greatest common divisor of 536355 and 9693.
27
What is the highest common divisor of 94 and 227176051?
47
Calculate the highest common factor of 25399402 and 848.
106
Calculate the highest common divisor of 13310 and 4700366.
242
What is the greatest common factor of 98823256 and 152?
152
What is the highest common factor of 61710 and 443850?
330
What is the greatest common fact